8 and m.
68
Suppose -8*q + 69 + 59 = 0. Calculate the highest common divisor of q and 72.
8
Suppose 5*m = -2*b - 3*b + 230, 4*b - 181 = -m. Suppose 0 = 2*o - b + 11. What is the highest common divisor of o and 51?
17
Let f(r) = r**2 - 15*r - 14. Let h be f(16). Suppose 4*q = h*d - 246, -q + 0*q + 501 = 4*d. What is the greatest common divisor of 25 and d?
25
Let r(q) = q**2 + 13*q + 28. Let d be r(-12). What is the greatest common divisor of d and 32?
16
Suppose -94*p = -123*p + 3770. Calculate the highest common factor of p and 182.
26
Suppose -6*o - 13 = -7*o. Suppose o*c - 196 = 194. Suppose 138 = 3*h + 4*a - 5*a, 4*h + 4*a - 168 = 0. Calculate the greatest common divisor of h and c.
15
Suppose 2*j = -5*q + 284, -3*q = -0*j + 3*j - 174. What is the greatest common divisor of q and 196?
28
Let d(b) = -4*b - 105. Let c be d(-27). Calculate the highest common factor of c and 498.
3
Let n(r) = -28*r**2 + 2*r + 1260. Let m be n(0). What is the greatest common divisor of m and 18?
18
Suppose -56*d = -59*d + 6. What is the greatest common factor of 16 and d?
2
Let t = 11 - 8. Suppose 5*h = -2*w + 4*w - 40, t*w = -5*h + 10. What is the highest common divisor of w and 5?
5
Let d = -815 + 818. Calculate the highest common divisor of d and 49.
1
Let g be 1 + (-39)/(-6) - 31/(-62). Calculate the greatest common divisor of g and 16.
8
Suppose -y + 222 - 23 = 0. Suppose -28 = 3*f - y. Calculate the greatest common divisor of 19 and f.
19
Let t(n) = -15*n - 20. Let v be t(-7). What is the highest common factor of v and 10?
5
Let a(w) = -w**3 + 20*w**2 - 24*w + 12. Let r be a(18). What is the greatest common divisor of 304 and r?
76
Suppose 4*x - 100 + 20 = -2*o, 6 = 3*o. Suppose 57*c + 1298 - 5630 = 0. What is the highest common factor of x and c?
19
Suppose -3*v + 318 + 3 = 0. Calculate the greatest common divisor of 2 and v.
1
Let d = 27 + 81. Let y = 21320 - 21308. Calculate the greatest common divisor of y and d.
12
Suppose 9*z + 2*z = 1375. What is the highest common divisor of z and 725?
25
Let f = -33 + 19. Let j = f + 26. Let c = 98 + -14. What is the greatest common divisor of c and j?
12
Let t = -241 - -271. What is the greatest common divisor of 345 and t?
15
Suppose i + 1485 = 34*i. What is the highest common divisor of 9 and i?
9
Suppose 3*d = 2*q + 25, -2*q - 5*d - 1 = -0*d. Let n = 0 - q. What is the greatest common divisor of 96 and n?
8
Let q(i) = 5*i**2 - 2*i + 2. Let z be q(5). Suppose -90 = -2*u - 64. What is the highest common factor of u and z?
13
Suppose -6*y + 60 = 516. Let l = y + 168. Calculate the highest common factor of 69 and l.
23
Let l = 22 + 14. Suppose 3855*k = 3845*k + 90. Calculate the greatest common factor of k and l.
9
Let p(u) = -u**3 + 6*u**2 + 21*u - 72. Let y be p(4). Let i = -3 + 7. Calculate the highest common divisor of y and i.
4
Let i(v) = 54*v + 616. Let b be i(-11). Calculate the highest common factor of 44 and b.
22
Suppose 4*x = -4*m + 52, -x - 32 + 9 = -2*m. What is the greatest common factor of m and 972?
12
Let d(n) = 129*n + 336. Let p be d(-2). Calculate the greatest common divisor of p and 273.
39
Let d = 94 - 80. Let h be (-3)/((-6)/(-196))*-1. Calculate the greatest common factor of h and d.
14
Let l be ((1246 + -7)/7)/((-1)/(-5)). Calculate the highest common divisor of l and 15.
15
Let p = -178 - -211. Calculate the greatest common divisor of p and 627.
33
Suppose -2*z + 5 - 29 = 0. Let a be z*4/6*-1. Let i be (42/8)/(1/a). What is the greatest common divisor of i and 14?
14
Suppose 0 = 2*o - n - 5, 3*n - 7*n = 4. Let p be 15 - ((-2)/4)/(o/(-4)). What is the highest common factor of p and 112?
14
Suppose -5*m = -15 - 65. Suppose 4 = 5*w - 6, 5*w = -2*g + 362. What is the highest common factor of g and m?
16
Let i = -9 + 13. Suppose -2*u - 26 = -i*u. Let r(y) = y**3 + 8*y**2 + 12*y - 2. Let o be r(-5). Calculate the highest common divisor of u and o.
13
Suppose -3*w - 3*b = -882, -2*b - 1146 = -w - 3*w. Let y = -164 + w. Calculate the highest common divisor of 50 and y.
25
Let d(w) = w**3 + 10*w**2 - 12*w - 7. Let c be d(-11). Suppose a + 8*k - 43 = 3*k, 3*a - c*k - 205 = 0. What is the highest common factor of a and 7?
7
Suppose -3889 = -38*q + 3407. Calculate the highest common factor of 24 and q.
24
Suppose 5*b + 7*h + 210 = 2*h, 4*b - h + 153 = 0. Let w be b/2*(-2)/3*1. Calculate the highest common factor of w and 26.
13
Suppose -4*x + 70 = x. Let f = -8 - -13. Let c be ((-336)/(-80))/(1/f). Calculate the highest common factor of c and x.
7
Let x be 204/42 + 2/14. Suppose x = -4*k - 19. Let n be k*(-5)/15 + 169. Calculate the highest common factor of 19 and n.
19
Let y(t) = t**3 - 8*t**2 + 28*t. Let g be y(8). Calculate the highest common divisor of g and 14.
14
Suppose -2*a + 34 = 30. Suppose a*m + 117 = j, -4*m - 186 = -m + 2*j. Let p be ((-11)/((-55)/m))/(-2). Calculate the greatest common factor of 6 and p.
6
Suppose 72 = c - 5*c + 4*g, -g + 4 = 0. Let v = -10 - c. Let l be -1*1/2*-8. What is the greatest common divisor of l and v?
4
Let y(n) = 4*n**2 - 36*n - 136. Let h be y(18). Calculate the greatest common divisor of 48 and h.
16
Let w be ((-10)/6)/((-3)/(-9)). Let r be (-8)/(-6)*(-162)/(-12). Let h = w + r. Calculate the highest common factor of 143 and h.
13
Let z(x) = -4*x**3 - 17*x**2 + 8*x - 45. Let h be z(-9). What is the highest common divisor of h and 18?
18
Suppose -58 + 292 = -6*p. Let j = 41 - p. What is the highest common factor of j and 10?
10
Let a(i) = -49*i**3 + 2*i**2 - 2*i - 2. Let n be a(-1). Calculate the highest common factor of n and 51.
51
Suppose -4*y = y - 1045. Suppose -16*m = -15*m - 38. Let r = -19 + m. What is the greatest common divisor of r and y?
19
Let l(y) = y**3 + 8*y**2 + 11*y + 12. Let v be l(-6). Let s = -15 + v. What is the highest common factor of 6 and s?
3
Suppose -4*j + 41 = 1. Suppose -20 = -5*s + 2*b, 5*s + 5*b + 5 = -j. Calculate the highest common divisor of 14 and s.
2
Let m(b) = -6*b + 16. Let p(j) = -j**3 - 3*j**2 + 4*j - 6. Let w be p(-4). Let y be m(w). Calculate the greatest common divisor of 39 and y.
13
Let s(h) = -h**3 + 5*h**2 + 2*h - 2. Let a be s(5). Suppose 3*w - 55 - a = -2*m, -4*m + 115 = -5*w. Calculate the greatest common factor of 10 and m.
10
Let o(f) = -f**3 + 8*f**2 - 8*f - 20. Let q be o(5). Let s = q - -47. What is the highest common factor of 155 and s?
31
Suppose 0*u - 24 = -3*u. Suppose -v + u = -5*v. Let m be 1/v - 303/(-6). What is the highest common divisor of 25 and m?
25
Suppose 0 = -5*d - 6*t + 9*t + 2485, 10 = 2*t. Calculate the greatest common factor of 4 and d.
4
Suppose 5*z + 3*i = 215, 3*z + 24 = 2*i + 134. Suppose -v + 68 = h + 3*v, -5*h + 274 = -13*v. What is the greatest common divisor of z and h?
20
Let o(n) = n**2 - 5*n + 8. Suppose 0 = -0*c - c + 6. Suppose c + 0 = y. Let g be o(y). Calculate the greatest common factor of 56 and g.
14
Let k(s) = 12*s + 105. Let o be k(-5). Calculate the greatest common factor of 603 and o.
9
Let z(d) = -3*d**2 - 70*d + 117. Let b be z(-23). What is the greatest common divisor of b and 196?
28
Let d(g) = g + g + 0*g + 3*g - 6. Let s be d(9). What is the greatest common factor of 26 and s?
13
Suppose 5*g - 106 + 36 = 4*v, 74 = 3*g + 4*v. Let m = 4 + 1. Suppose 1 = -m*s + 91. What is the greatest common divisor of g and s?
18
Suppose 33*a - 5079 - 3 = 0. Suppose -5*q + 213 = -3*p, 25 + 57 = 2*q + 2*p. Suppose q = -3*x + 6*x. What is the highest common factor of a and x?
14
Let u(g) = -8*g + 26 + 8*g + 2*g. Let f be u(-9). What is the greatest common factor of f and 16?
8
Let f be 5 - -74 - (3 + -5 + 9). Calculate the greatest common factor of f and 1116.
36
Let m(x) = -9*x - 212. Let n be m(-33). What is the greatest common factor of 34 and n?
17
Let k = 366 - 92. What is the greatest common divisor of 2 and k?
2
Suppose 0 = -24*f + 25*f - 24. Suppose -3*u = -5*u + f. Calculate the highest common factor of 9 and u.
3
Suppose -5 = -4*l - 3*m, 0 = 2*m - 2 - 4. Let d be l + 0 + 5 + 22. Suppose 5*u + w - d = 0, 4*w + 12 - 2 = -u. Calculate the highest common factor of u and 48.
6
Let h = 68 - -15. Let j = h - 41. Calculate the highest common divisor of 420 and j.
42
Let l(i) = -i**3 - 21*i**2 - 19*i + 81. Let v be l(-21). Calculate the highest common divisor of 10